{"id":57,"date":"2017-09-09T00:15:10","date_gmt":"2017-09-08T22:15:10","guid":{"rendered":"http:\/\/ofm.toonywood.org\/?page_id=57"},"modified":"2022-04-05T18:40:52","modified_gmt":"2022-04-05T16:40:52","slug":"decouvrir-la-pofm","status":"publish","type":"page","link":"https:\/\/maths-olympiques.fr\/?page_id=57","title":{"rendered":"D\u00e9couvrir la POFM"},"content":{"rendered":"<p>Tu viens de d\u00e9couvrir la POFM et tu souhaites nous rejoindre ? Voici <a href=\"http:\/\/maths-olympiques.fr\/?page_id=59\">les informations utiles<\/a>.<\/p>\n<p>Tu as \u00e9t\u00e9 admis, ou bien tu as particip\u00e9 \u00e0 un stage, et tu cherches ce que tu peux faire pour continuer ? Voici <a href=\"http:\/\/maths-olympiques.fr\/?page_id=61\">quelques conseils<\/a>.<\/p>\n<p>Enfin, voici aussi des <a href=\"http:\/\/maths-olympiques.fr\/?page_id=63\">t\u00e9moignages <\/a>d&#8217;anciens participants.<\/p>\n","protected":false},"excerpt":{"rendered":"<p>Tu viens de d\u00e9couvrir la POFM et tu souhaites nous rejoindre ? Voici les informations utiles. Tu as \u00e9t\u00e9 admis, ou bien tu as particip\u00e9 \u00e0 un stage, et tu cherches ce que tu peux faire pour continuer ? Voici quelques conseils. Enfin, voici aussi des t\u00e9moignages d&#8217;anciens participants.<\/p>\n","protected":false},"author":3,"featured_media":0,"parent":0,"menu_order":0,"comment_status":"closed","ping_status":"closed","template":"","meta":{"footnotes":""},"class_list":["post-57","page","type-page","status-publish","hentry"],"_links":{"self":[{"href":"https:\/\/maths-olympiques.fr\/index.php?rest_route=\/wp\/v2\/pages\/57","targetHints":{"allow":["GET"]}}],"collection":[{"href":"https:\/\/maths-olympiques.fr\/index.php?rest_route=\/wp\/v2\/pages"}],"about":[{"href":"https:\/\/maths-olympiques.fr\/index.php?rest_route=\/wp\/v2\/types\/page"}],"author":[{"embeddable":true,"href":"https:\/\/maths-olympiques.fr\/index.php?rest_route=\/wp\/v2\/users\/3"}],"replies":[{"embeddable":true,"href":"https:\/\/maths-olympiques.fr\/index.php?rest_route=%2Fwp%2Fv2%2Fcomments&post=57"}],"version-history":[{"count":8,"href":"https:\/\/maths-olympiques.fr\/index.php?rest_route=\/wp\/v2\/pages\/57\/revisions"}],"predecessor-version":[{"id":8341,"href":"https:\/\/maths-olympiques.fr\/index.php?rest_route=\/wp\/v2\/pages\/57\/revisions\/8341"}],"wp:attachment":[{"href":"https:\/\/maths-olympiques.fr\/index.php?rest_route=%2Fwp%2Fv2%2Fmedia&parent=57"}],"curies":[{"name":"wp","href":"https:\/\/api.w.org\/{rel}","templated":true}]}}