{"id":3318,"date":"2019-09-10T18:18:25","date_gmt":"2019-09-10T16:18:25","guid":{"rendered":"http:\/\/maths-olympiques.fr\/?page_id=3318"},"modified":"2020-12-12T19:29:45","modified_gmt":"2020-12-12T18:29:45","slug":"la-pofm-2019-2020","status":"publish","type":"page","link":"https:\/\/maths-olympiques.fr\/?page_id=3318","title":{"rendered":"La POFM 2019-2020"},"content":{"rendered":"<h2>Calendrier de la POFM pour l&#8217;ann\u00e9e scolaire 2019-2020<\/h2>\n<h4>Coupe Animath d&#8217;automne<\/h4>\n<p>La <a href=\"https:\/\/maths-olympiques.fr\/?p=3372\">coupe Animath d&#8217;automne 2019<\/a>\u00a0 a eu lieu le mercredi 2 octobre 2019. Les r\u00e9sultats\u00a0figurent sur <a href=\"https:\/\/maths-olympiques.fr\/?p=3789\">cette page<\/a>.<\/p>\n<h4>Les envois<\/h4>\n<ul>\n<li style=\"list-style-type: none;\">\n<ul>\n<li style=\"list-style-type: none;\">\n<ul>\n<li>Envoi 1 : g\u00e9om\u00e9trie, \u00e0 renvoyer pour le 15 novembre. <a href=\"https:\/\/maths-olympiques.fr\/wp-content\/uploads\/2019\/10\/sujet-envoi-1.pdf\">Sujet<\/a>. <a href=\"https:\/\/maths-olympiques.fr\/wp-content\/uploads\/2019\/12\/corrig\u00e9-commentaire-envoi-1.pdf\">Corrig\u00e9 comment\u00e9<\/a>. <a href=\"https:\/\/maths-olympiques.fr\/?p=4287\">R\u00e9sultats<\/a>.<\/li>\n<li>Envoi 2 : alg\u00e8bre, \u00e0 renvoyer pour le 15 d\u00e9cembre. <a href=\"https:\/\/maths-olympiques.fr\/wp-content\/uploads\/2019\/11\/sujet-envoi-2-1.pdf\">Sujet<\/a>. <a href=\"https:\/\/maths-olympiques.fr\/wp-content\/uploads\/2020\/01\/corrige\u0301-commente\u0301-envoi-2.pdf\">Corrig\u00e9 comment\u00e9<\/a>. <a href=\"https:\/\/maths-olympiques.fr\/?p=4391\">R\u00e9sultats<\/a>.<\/li>\n<li>Envoi 3 : arithm\u00e9tique, \u00e0 renvoyer pour le 15 janvier. <a href=\"https:\/\/maths-olympiques.fr\/wp-content\/uploads\/2020\/01\/sujet-envoi-3.pdf\">Sujet<\/a>. <a href=\"https:\/\/maths-olympiques.fr\/wp-content\/uploads\/2020\/02\/corrig\u00e9-comment\u00e9-envoi-3.pdf\">Corrig\u00e9 comment\u00e9<\/a>. <a href=\"https:\/\/maths-olympiques.fr\/?p=4449\">R\u00e9sultats<\/a>.<\/li>\n<li>Envoi 4 : combinatoire, \u00e0 renvoyer pour le 15 f\u00e9vrier. <a href=\"https:\/\/maths-olympiques.fr\/wp-content\/uploads\/2020\/01\/EnvoiCombiFinal.pdf\">Sujet<\/a>. <a href=\"https:\/\/maths-olympiques.fr\/wp-content\/uploads\/2020\/03\/corrig\u00e9-comment\u00e9-envoi-4.pdf\">Corrig\u00e9 comment\u00e9<\/a>. <a href=\"https:\/\/maths-olympiques.fr\/?p=4552\">R\u00e9sultats<\/a>.<\/li>\n<li>Envoi 5 : pot-pourri, \u00e0 renvoyer pour le 15 mars. <a href=\"https:\/\/maths-olympiques.fr\/wp-content\/uploads\/2020\/02\/sujet-envoi-5.pdf\">Sujet<\/a>. <a href=\"https:\/\/maths-olympiques.fr\/wp-content\/uploads\/2020\/04\/corrig%C3%A9-comment%C3%A9-envoi-5.pdf\">Corrig\u00e9 comment\u00e9<\/a>. <a href=\"https:\/\/maths-olympiques.fr\/?p=4594\">R\u00e9sultats<\/a>.<\/li>\n<\/ul>\n<\/li>\n<\/ul>\n<\/li>\n<\/ul>\n<p>Pour vous aider, n&#8217;h\u00e9sitez pas \u00e0 consulter les nombreuses ressources disponibles en ligne, \u00e0 commencer par les\u00a0<a href=\"https:\/\/maths-olympiques.fr\/?page_id=11\">cours de la POFM<\/a>.<\/p>\n<ul>\n<li style=\"list-style-type: none;\"><span style=\"font-size: 1rem; font-weight: 800;\">Les tests<\/span>\n<ul>\n<li>Test du 27 novembre, pour les \u00e9l\u00e8ves du groupe Senior. <a href=\"https:\/\/maths-olympiques.fr\/wp-content\/uploads\/2019\/12\/sujet-test-novembre.pdf\">Sujet<\/a>. <a href=\"https:\/\/maths-olympiques.fr\/wp-content\/uploads\/2019\/12\/corrige\u0301-test-novembre.pdf\">Corrig\u00e9 comment\u00e9<\/a>. <a href=\"https:\/\/maths-olympiques.fr\/?p=4335\">R\u00e9sultats<\/a>.<\/li>\n<li>Test du 8 janvier, pour les \u00e9l\u00e8ves des deux groupes. <a href=\"https:\/\/maths-olympiques.fr\/wp-content\/uploads\/2020\/01\/sujet-test-janvier.pdf\">Sujet<\/a>. <a href=\"https:\/\/maths-olympiques.fr\/wp-content\/uploads\/2020\/01\/corrige\u0301-test-janvier.pdf\">Corrig\u00e9 comment\u00e9<\/a>. <a href=\"https:\/\/maths-olympiques.fr\/?p=4399\">R\u00e9sultats<\/a>.<\/li>\n<li>Test du 19 f\u00e9vrier, pour les \u00e9l\u00e8ves du groupe Senior et tests du 20 f\u00e9vrier, pour les \u00e9l\u00e8ves du groupe Junior et les filles du groupe Senior. <a href=\"https:\/\/maths-olympiques.fr\/wp-content\/uploads\/2020\/11\/Enonce-Test-Fevrier-2020.pdf\">Sujet des trois tests<\/a>. <a href=\"https:\/\/maths-olympiques.fr\/wp-content\/uploads\/2020\/03\/Correction-Web.pdf\">Corrig\u00e9 comment\u00e9<\/a>. <a href=\"https:\/\/maths-olympiques.fr\/?p=4533\">R\u00e9sultats<\/a>.<\/li>\n<li>Test du 1er avril, pour les deux groupes. <a href=\"https:\/\/maths-olympiques.fr\/wp-content\/uploads\/2020\/11\/Enonce-Test-Avril-2020.pdf\">Sujet<\/a>. <a href=\"https:\/\/maths-olympiques.fr\/wp-content\/uploads\/2020\/04\/Corrig\u00e9-Web.pdf\">Corrig\u00e9 comment\u00e9<\/a>. <a href=\"https:\/\/maths-olympiques.fr\/?p=4578\">R\u00e9sultats<\/a>.<\/li>\n<li>Test du 6 mai, pour les deux groupes. <a href=\"https:\/\/maths-olympiques.fr\/wp-content\/uploads\/2020\/11\/Enonce-Test-Mai-2020.pdf\">Sujet<\/a>. <a href=\"https:\/\/maths-olympiques.fr\/wp-content\/uploads\/2020\/05\/Corrig\u00e9-Web-05-2020.pdf\">Corrig\u00e9 comment\u00e9<\/a>. <a href=\"https:\/\/maths-olympiques.fr\/?p=4688\">R\u00e9sultats<\/a>.<\/li>\n<\/ul>\n<\/li>\n<\/ul>\n<ul>\n<li style=\"list-style-type: none;\">\n<h4>Les stages<\/h4>\n<ul>\n<li>Stage de Cachan junior, du 21 au 25 octobre (plus de d\u00e9tails <a href=\"https:\/\/maths-olympiques.fr\/?p=3258\">ici<\/a>).<\/li>\n<li>Stage olympique de f\u00e9vrier \u00e0 Cachan, du 17 au 21 f\u00e9vrier.<\/li>\n<\/ul>\n<\/li>\n<\/ul>\n<ul>\n<li style=\"list-style-type: none;\"><\/li>\n<\/ul>\n<h2>Comp\u00e9titions internationales<\/h2>\n<p>La POFM pr\u00e9pare cette ann\u00e9e aux comp\u00e9titions suivantes.<\/p>\n<ul>\n<li style=\"list-style-type: none;\">\n<h4>Le RMM (Romanian Masters of Mathematics)<\/h4>\n<p>Il a eu lieu du 26 f\u00e9vrier au 2 mars 2020 \u00e0 Bucarest (Roumanie). L&#8217;\u00e9quipe est compos\u00e9e d&#8217;Elias Caeiro, Aur\u00e9lien Fourr\u00e9, Vladimir Ivanov et \u00c9milie Zheng. Les \u00e9l\u00e8ves \u00e9taient encadr\u00e9s par Vincent Jug\u00e9 et Paul Cahen.<br \/>\nPlus d&#8217;informations sur le <a href=\"http:\/\/rmms.lbi.ro\/rmm2020\">site de la comp\u00e9tition<\/a>, et dans le <a href=\"https:\/\/maths-olympiques.fr\/?p=4487\">journal de bord de l&#8217;\u00e9quipe<\/a>.<\/li>\n<li style=\"list-style-type: none;\">\n<h4>L&#8217;EGMO (European Girls&#8217; Mathematical Olympiad)<\/h4>\n<p>Elle aurait d\u00fb avoir lieu du 15 au 21 avril 2020 \u00e0 Egmond aan Zee (Pays-Bas) ; en raison du contexte \u00e9pid\u00e9mique actuelle, l&#8217;\u00e9dition 2020 de l&#8217;EGMO s&#8217;est tenue \u00e0 distance, et chaque participante a compos\u00e9 depuis son domicile. L&#8217;\u00e9quipe est compos\u00e9e d&#8217;Elsa Lubek, Anna Luchnikova, Suzanne Mairesse et \u00c9milie Zheng. Les \u00e9l\u00e8ves \u00e9taient encadr\u00e9es par Clara Ding et Edwige Cyffers.<br \/>\nPlus d&#8217;informations sur le <a href=\"https:\/\/www.egmo.org\/egmos\/egmo9\/\">site de la comp\u00e9tition<\/a> et dans le <a href=\"https:\/\/maths-olympiques.fr\/?p=4622\">journal de bord de l&#8217;\u00e9quipe<\/a>.<\/li>\n<li style=\"list-style-type: none;\">\n<h4>L&#8217;OIM (Olympiade Internationale de Math\u00e9matiques)<\/h4>\n<p>Elle aura lieu du 16 au 26 septembre 2020 et sera organis\u00e9e \u00e0 distance. L&#8217;\u00e9quipe est compos\u00e9e d&#8217;Elias Caero, Ya\u00ebl Dillies, Aur\u00e9lien Fourr\u00e9, Vladimir Ivanov, Alec Le Helloco et Anna Luchnikova. Les \u00e9l\u00e8ves sont encard\u00e9s par Vincent Jug\u00e9 et Martin Rakovsky.<\/li>\n<li style=\"list-style-type: none;\">\n<h4>Le MYMC (Mediterranean Youth Mathematical Championship)<\/h4>\n<h4>La JBMO (Junior Balkan Mathematical Olympiad)<\/h4>\n<p>En raison de la situation sanitaire actuelle, les \u00e9ditions 2020 du MYMC et de la JBMO ont malheureusement \u00e9t\u00e9 annul\u00e9es.<\/li>\n<li style=\"list-style-type: none;\">\n<h4>L&#8217;OFM (Olympiade Francophone de Math\u00e9matiques)<\/h4>\n<p>Pour pallier l&#8217;annulation du MYMC et de la JBMO, les membres de la Pr\u00e9paration Olympique Fran\u00e7aise de Math\u00e9matiques ont propos\u00e9 et organis\u00e9 cette ann\u00e9e la premi\u00e8re \u00e9dition de l&#8217;<b>Olympiade Francophone de Math\u00e9matiques.<\/b> La France a \u00e9t\u00e9 repr\u00e9sent\u00e9e par deux \u00e9quipes :<\/li>\n<li>Anatole Bouton, Oscar Fischler, In\u00e8s Soua, Georges T\u00e9z\u00e9, \u00c9lie Verhille et Matthieu Vogel, encadr\u00e9s par Th\u00e9o Lenoir, ont form\u00e9 l&#8217;\u00e9quipe de France Junior ;<\/li>\n<li>Stefan Barbu, Justin Cahuzac, Beno\u00eet Fanton, Th\u00e9o Goix, Suzanne Mairesse et \u00c9milie Zheng, encadr\u00e9s par F\u00e9lix Breton, ont form\u00e9 l&#8217;\u00e9quipe de France Senior.<\/li>\n<li style=\"list-style-type: none;\">Plus d&#8217;informations sur le <a href=\"http:\/\/igm.univ-mlv.fr\/~juge\/ofm\/\">site de la comp\u00e9tition<\/a> et dans le <a href=\"https:\/\/maths-olympiques.fr\/?p=4800\">compte-rendu<\/a> de celle-ci.<\/li>\n<\/ul>\n","protected":false},"excerpt":{"rendered":"<p>Calendrier de la POFM pour l&#8217;ann\u00e9e scolaire 2019-2020 Coupe Animath d&#8217;automne La coupe Animath d&#8217;automne 2019\u00a0 a eu lieu le mercredi 2 octobre 2019. Les r\u00e9sultats\u00a0figurent sur cette page. Les envois Envoi 1 : g\u00e9om\u00e9trie, \u00e0 renvoyer pour le 15 novembre. Sujet. Corrig\u00e9 comment\u00e9. R\u00e9sultats. Envoi 2 : alg\u00e8bre, \u00e0 renvoyer pour le 15 d\u00e9cembre. &hellip; <\/p>\n<p class=\"link-more\"><a href=\"https:\/\/maths-olympiques.fr\/?page_id=3318\" class=\"more-link\">Continuer la lecture<span class=\"screen-reader-text\"> de &laquo;&nbsp;La POFM 2019-2020&nbsp;&raquo;<\/span><\/a><\/p>\n","protected":false},"author":16,"featured_media":0,"parent":41,"menu_order":0,"comment_status":"closed","ping_status":"closed","template":"","meta":{"footnotes":""},"class_list":["post-3318","page","type-page","status-publish","hentry"],"_links":{"self":[{"href":"https:\/\/maths-olympiques.fr\/index.php?rest_route=\/wp\/v2\/pages\/3318","targetHints":{"allow":["GET"]}}],"collection":[{"href":"https:\/\/maths-olympiques.fr\/index.php?rest_route=\/wp\/v2\/pages"}],"about":[{"href":"https:\/\/maths-olympiques.fr\/index.php?rest_route=\/wp\/v2\/types\/page"}],"author":[{"embeddable":true,"href":"https:\/\/maths-olympiques.fr\/index.php?rest_route=\/wp\/v2\/users\/16"}],"replies":[{"embeddable":true,"href":"https:\/\/maths-olympiques.fr\/index.php?rest_route=%2Fwp%2Fv2%2Fcomments&post=3318"}],"version-history":[{"count":83,"href":"https:\/\/maths-olympiques.fr\/index.php?rest_route=\/wp\/v2\/pages\/3318\/revisions"}],"predecessor-version":[{"id":6558,"href":"https:\/\/maths-olympiques.fr\/index.php?rest_route=\/wp\/v2\/pages\/3318\/revisions\/6558"}],"up":[{"embeddable":true,"href":"https:\/\/maths-olympiques.fr\/index.php?rest_route=\/wp\/v2\/pages\/41"}],"wp:attachment":[{"href":"https:\/\/maths-olympiques.fr\/index.php?rest_route=%2Fwp%2Fv2%2Fmedia&parent=3318"}],"curies":[{"name":"wp","href":"https:\/\/api.w.org\/{rel}","templated":true}]}}