{"id":1271,"date":"2018-08-31T21:20:25","date_gmt":"2018-08-31T19:20:25","guid":{"rendered":"http:\/\/maths-olympiques.fr\/?page_id=1271"},"modified":"2020-07-16T19:40:13","modified_gmt":"2020-07-16T17:40:13","slug":"la-pofm-2018-2019","status":"publish","type":"page","link":"https:\/\/maths-olympiques.fr\/?page_id=1271","title":{"rendered":"La POFM 2018-2019"},"content":{"rendered":"<h2>Calendrier de la POFM pour l&#8217;ann\u00e9e scolaire 2018-2019<\/h2>\n<h4>Coupe Animath d&#8217;automne<\/h4>\n<p>La coupe Animath d&#8217;Automne 2018 a eu lieu le Mercredi 3 Octobre 2018.\u00a0 Les r\u00e9sultats figurent sur <a href=\"http:\/\/maths-olympiques.fr\/?p=1397\">cette page<\/a>.<\/p>\n<h4>Les envois<\/h4>\n<ul>\n<li>Envoi 1 : g\u00e9om\u00e9trie, \u00e0 renvoyer pour le 14 Novembre. <a href=\"http:\/\/maths-olympiques.fr\/wp-content\/uploads\/2018\/10\/envoi_1_2018-2019_v3.pdf\">Sujet<\/a> &#8212; <a href=\"http:\/\/maths-olympiques.fr\/wp-content\/uploads\/2018\/11\/corrige-envoi-1.pdf\">Corrig\u00e9<\/a> &#8212; <a href=\"http:\/\/maths-olympiques.fr\/?p=1630\">R\u00e9sultats<\/a><\/li>\n<li>Envoi 2 : arithm\u00e9tique, \u00e0 renvoyer pour le 14 D\u00e9cembre. <a href=\"http:\/\/maths-olympiques.fr\/wp-content\/uploads\/2018\/11\/envoi-2.pdf\">Sujet<\/a> &#8212; <a href=\"http:\/\/maths-olympiques.fr\/wp-content\/uploads\/2018\/12\/corrige-envoi-2.pdf\">Corrig\u00e9<\/a> &#8212; <a href=\"http:\/\/maths-olympiques.fr\/?p=1917\">R\u00e9sultats<\/a><\/li>\n<li>Envoi 3 : alg\u00e8bre, \u00e0 renvoyer pour le 14 Janvier. <a href=\"http:\/\/maths-olympiques.fr\/wp-content\/uploads\/2018\/12\/envoi-3.pdf\">Sujet<\/a> &#8212; <a href=\"http:\/\/maths-olympiques.fr\/wp-content\/uploads\/2019\/02\/envoi-3-cor.pdf\">Corrig\u00e9<\/a> &#8212; <a href=\"https:\/\/maths-olympiques.fr\/?p=4867\">R\u00e9sultats<\/a><\/li>\n<li>Envoi 4 : combinatoire, \u00e0 renvoyer pour le 14 F\u00e9vrier. <a href=\"http:\/\/maths-olympiques.fr\/wp-content\/uploads\/2019\/01\/envoi-4.pdf\">Sujet<\/a> &#8212; <a href=\"http:\/\/maths-olympiques.fr\/wp-content\/uploads\/2019\/02\/envoi-4-corr-def.pdf\">Corrig\u00e9<\/a> &#8212; <a href=\"https:\/\/maths-olympiques.fr\/?p=4869\">R\u00e9sultats<\/a><\/li>\n<li>Envoi 5 : pot-pourri, \u00e0 renvoyer pour le 14 Mars. <a href=\"http:\/\/maths-olympiques.fr\/wp-content\/uploads\/2019\/02\/envoi-5.pdf\">Sujet<\/a> &#8212; <a href=\"http:\/\/igm.univ-mlv.fr\/~juge\/pofm\/doc\/Corrig%c3%a9-Envoi-5-2019.pdf\">Corrig\u00e9<\/a> &#8212; <a href=\"https:\/\/maths-olympiques.fr\/?p=4870\">R\u00e9sultats<\/a><\/li>\n<\/ul>\n<h4>Les tests<\/h4>\n<ul>\n<li>Test du 28 Novembre, pour les \u00e9l\u00e8ves du groupe Senior. <a href=\"http:\/\/maths-olympiques.fr\/wp-content\/uploads\/2018\/12\/Test_RMM_28_novembre_enonce.pdf\">Sujet<\/a> &#8212; <a href=\"http:\/\/maths-olympiques.fr\/wp-content\/uploads\/2018\/12\/Test_RMM_28_novembre_corrige.pdf\">Corrig\u00e9<\/a> &#8212; <a href=\"http:\/\/maths-olympiques.fr\/?p=1618\">R\u00e9sultats<\/a><\/li>\n<li>Test du 9 Janvier, pour les \u00e9l\u00e8ves des deux groupes. <a href=\"http:\/\/maths-olympiques.fr\/wp-content\/uploads\/2019\/01\/Test-09-01.pdf\">Sujet<\/a> &#8212; <a href=\"http:\/\/maths-olympiques.fr\/wp-content\/uploads\/2019\/01\/Test-09-01-Corrig\u00e9.pdf\">Corrig\u00e9<\/a> &#8212; <a href=\"http:\/\/maths-olympiques.fr\/?p=1743\">R\u00e9sultats<\/a><\/li>\n<li>Test du 26 F\u00e9vrier, pour les \u00e9l\u00e8ves du groupe Junior et les filles du groupe Senior.\u00a0<a href=\"http:\/\/maths-olympiques.fr\/wp-content\/uploads\/2019\/03\/Test-26-02.pdf\">Sujet<\/a>\u00a0&#8212;\u00a0<a href=\"http:\/\/maths-olympiques.fr\/wp-content\/uploads\/2019\/03\/Test-26-02-Corrige.pdf\">Corrig\u00e9<\/a> &#8212; <a href=\"http:\/\/maths-olympiques.fr\/?p=1914\">R\u00e9sultats<\/a><\/li>\n<li>Test du 27 F\u00e9vrier, pour les \u00e9l\u00e8ves du groupe Senior.\u00a0<a href=\"http:\/\/maths-olympiques.fr\/wp-content\/uploads\/2019\/03\/Test-27-02.pdf\">Sujet<\/a>\u00a0&#8212;\u00a0<a href=\"http:\/\/maths-olympiques.fr\/wp-content\/uploads\/2019\/03\/Test-27-02-Corrige.pdf\">Corrig\u00e9<\/a> &#8212; <a href=\"http:\/\/maths-olympiques.fr\/?p=1914\">R\u00e9sultats<\/a><\/li>\n<li>Test du 20 Mars, pour les deux groupes. <a href=\"http:\/\/maths-olympiques.fr\/wp-content\/uploads\/2019\/04\/Test-20-03-web.pdf\">Sujet<\/a> &#8212; <a href=\"http:\/\/maths-olympiques.fr\/wp-content\/uploads\/2019\/04\/Test-20-03-Corrig\u00e9-web.pdf\">Corrig\u00e9<\/a> &#8212; <a href=\"http:\/\/maths-olympiques.fr\/?p=2195\">R\u00e9sultats<\/a><\/li>\n<li>Test du 15 Mai, pour les deux groupes. <a href=\"https:\/\/maths-olympiques.fr\/wp-content\/uploads\/2019\/11\/Test-15-05.pdf\">Sujet<\/a> &#8212; <a href=\"https:\/\/maths-olympiques.fr\/wp-content\/uploads\/2019\/11\/Test-15-05-Corrig\u00e9.pdf\">Corrig\u00e9<\/a> &#8212; <a href=\"http:\/\/maths-olympiques.fr\/?p=2369\">R\u00e9sultats<\/a><\/li>\n<\/ul>\n<h4>Les stages<\/h4>\n<ul>\n<li>Stage de Cachan junior, du 22 au 26 Octobre (plus de d\u00e9tails <a href=\"http:\/\/maths-olympiques.fr\/?p=1296\">ici<\/a>).<\/li>\n<li>Stage olympique de F\u00e9vrier, \u00e0 Cachan, du 25 F\u00e9vrier au 1er Mars (plus de d\u00e9tails <a href=\"http:\/\/maths-olympiques.fr\/?p=1803\">ici<\/a>).<\/li>\n<\/ul>\n<h2>Comp\u00e9titions internationales<\/h2>\n<p>La POFM pr\u00e9pare cette ann\u00e9e aux comp\u00e9titions suivantes.<\/p>\n<h4>Le RMM (Romanian Masters of Mathematics)<\/h4>\n<p>Il a eu lieu du 20 au 25 F\u00e9vrier 2019 \u00e0 Bucarest (Roumanie). L\u2019\u00e9quipe de France est compos\u00e9e des six \u00e9l\u00e8ves suivants :<\/p>\n<ul>\n<li>\u00c9mile Av\u00e9rous, \u00e9l\u00e8ve de terminale au lyc\u00e9e Hoche, \u00e0 Versailles (acad\u00e9mie de Versailles) ;<\/li>\n<li>Micha\u00ebl Chen, \u00e9l\u00e8ve de terminale \u00e0 la Cit\u00e9 scolaire internationale, \u00e0 Lyon (acad\u00e9mie de Lyon) ;<\/li>\n<li>Th\u00e9odore Fougereux, \u00e9l\u00e8ve de terminale au lyc\u00e9e David d&#8217;Angers, \u00e0 Angers (acad\u00e9mie de Nantes) ;<\/li>\n<li>Aur\u00e9lien Fourr\u00e9, \u00e9l\u00e8ve de seconde au lyc\u00e9e Franco-Allemand, \u00e0 Buc (acad\u00e9mie de Versailles) ;<\/li>\n<li>Timoth\u00e9 Ringeard, \u00e9l\u00e8ve de terminale au lyc\u00e9e Victor Hugo, \u00e0 Colomiers (acad\u00e9mie de Toulouse) ;<\/li>\n<li>Timoth\u00e9e Rocquet, \u00e9l\u00e8ve de terminale au lyc\u00e9e Victor Hugo, \u00e0 Colomiers (acad\u00e9mie de Toulouse).<\/li>\n<\/ul>\n<p>L&#8217;\u00e9quipe \u00e9tait accompagn\u00e9e par Vincent Jug\u00e9 et Baptiste Collet. Compte-rendu <a href=\"http:\/\/maths-olympiques.fr\/?p=1795\">ici<\/a>.<\/p>\n<h4>L&#8217;EGMO (European Girls&#8217; Mathematical Olympiad)<\/h4>\n<p>Elle a eu lieu du 7 au 13 Avril 2019 \u00e0 Kiev (Ukraine). L\u2019\u00e9quipe de France est compos\u00e9e de :<\/p>\n<ul>\n<li>L\u00e9onie Kittel, \u00e9l\u00e8ve de terminale au lyc\u00e9e \u00c9douard Herriot, \u00e0 Lyon (acad\u00e9mie de Lyon) ;<\/li>\n<li>Anna Luchnikova, \u00e9l\u00e8ve de premi\u00e8re au lyc\u00e9e Franco-Allemand, \u00e0 Fribourg (Allemagne) ;<\/li>\n<li>Enora P\u00e9try, \u00e9l\u00e8ve de terminale \u00e0 l&#8217;institut Notre-Dame, \u00e0 Saint-Germain-en-Laye (acad\u00e9mie de Versailles) ;<\/li>\n<li>Madison Shirazi, \u00e9l\u00e8ve de terminale au lyc\u00e9e Fran\u00e7ais, \u00e0 New-York (\u00c9tats-Unis).<\/li>\n<\/ul>\n<p>L&#8217;\u00e9quipe \u00e9tait accompagn\u00e9e par No\u00e9mie Cartier et Clara Ding.<\/p>\n<h4>La JBMO (Junior Balkan Mathematical Olympiad)<\/h4>\n<p>Elle aura lieu du 20 au 25 Juin \u00e0 Agros (Chypre).\u00a0 L&#8217;\u00e9quipe sera form\u00e9e de six \u00e9l\u00e8ves du groupe Junior. Elle sera accompagn\u00e9e par Rapha\u00ebl Ducatez et Baptiste Serraille.<\/p>\n<h4>L&#8217;OIM (Olympiade Internationale de Math\u00e9matiques)<\/h4>\n<p>Elle aura lieu du 11 au 22 Juillet 2019 \u00e0 Bath (Royaume-Uni). L&#8217;\u00e9quipe sera form\u00e9e de six \u00e9l\u00e8ves du groupe Senior. Elle sera accompagn\u00e9e par Vincent Jug\u00e9 et Louise Gassot.<\/p>\n<h4>Le MYMC (Mediterranean Youth Mathematical Championship)<\/h4>\n<p>Il aura lieu du 17 au 20 Juillet \u00e0 Naples (Italie). L&#8217;\u00e9quipe sera form\u00e9e de :<\/p>\n<ul>\n<li>deux gar\u00e7ons ne participant pas \u00e0 l&#8217;OIM, dont au plus un \u00e9l\u00e8ve de terminale ;<\/li>\n<li>deux filles ne participant pas \u00e0 l&#8217;OIM, dont au plus une \u00e9l\u00e8ve de terminale.<\/li>\n<\/ul>\n<p>L&#8217;\u00e9quipe sera accompagn\u00e9e par Th\u00e9o Lenoir.<\/p>\n","protected":false},"excerpt":{"rendered":"<p>Calendrier de la POFM pour l&#8217;ann\u00e9e scolaire 2018-2019 Coupe Animath d&#8217;automne La coupe Animath d&#8217;Automne 2018 a eu lieu le Mercredi 3 Octobre 2018.\u00a0 Les r\u00e9sultats figurent sur cette page. Les envois Envoi 1 : g\u00e9om\u00e9trie, \u00e0 renvoyer pour le 14 Novembre. Sujet &#8212; Corrig\u00e9 &#8212; R\u00e9sultats Envoi 2 : arithm\u00e9tique, \u00e0 renvoyer pour le &hellip; <\/p>\n<p class=\"link-more\"><a href=\"https:\/\/maths-olympiques.fr\/?page_id=1271\" class=\"more-link\">Continuer la lecture<span class=\"screen-reader-text\"> de &laquo;&nbsp;La POFM 2018-2019&nbsp;&raquo;<\/span><\/a><\/p>\n","protected":false},"author":3,"featured_media":0,"parent":41,"menu_order":0,"comment_status":"closed","ping_status":"closed","template":"","meta":{"footnotes":""},"class_list":["post-1271","page","type-page","status-publish","hentry"],"_links":{"self":[{"href":"https:\/\/maths-olympiques.fr\/index.php?rest_route=\/wp\/v2\/pages\/1271","targetHints":{"allow":["GET"]}}],"collection":[{"href":"https:\/\/maths-olympiques.fr\/index.php?rest_route=\/wp\/v2\/pages"}],"about":[{"href":"https:\/\/maths-olympiques.fr\/index.php?rest_route=\/wp\/v2\/types\/page"}],"author":[{"embeddable":true,"href":"https:\/\/maths-olympiques.fr\/index.php?rest_route=\/wp\/v2\/users\/3"}],"replies":[{"embeddable":true,"href":"https:\/\/maths-olympiques.fr\/index.php?rest_route=%2Fwp%2Fv2%2Fcomments&post=1271"}],"version-history":[{"count":46,"href":"https:\/\/maths-olympiques.fr\/index.php?rest_route=\/wp\/v2\/pages\/1271\/revisions"}],"predecessor-version":[{"id":4873,"href":"https:\/\/maths-olympiques.fr\/index.php?rest_route=\/wp\/v2\/pages\/1271\/revisions\/4873"}],"up":[{"embeddable":true,"href":"https:\/\/maths-olympiques.fr\/index.php?rest_route=\/wp\/v2\/pages\/41"}],"wp:attachment":[{"href":"https:\/\/maths-olympiques.fr\/index.php?rest_route=%2Fwp%2Fv2%2Fmedia&parent=1271"}],"curies":[{"name":"wp","href":"https:\/\/api.w.org\/{rel}","templated":true}]}}